 a(q) = 15*q**2 + 11*q + 17. Let m(l) = 6*a(l) + 17*b(l). Determine m(t).
16
Let i(x) = -7*x**2 + 34*x - 2. Let n(t) = 11*t**2 - 52*t + 3. Let q(y) = -8*i(y) - 5*n(y). Let m(j) = 2*j**2 - 26*j + 1. Let c(u) = 3*m(u) - 7*q(u). Give c(5).
1
Let b be 2/(-8) - 6/8. Let k(q) = q - 2. Let a(p) = -8*p + 1. Let h(y) = a(y) + k(y). Let x(l) = -l. Let v(c) = -h(c) + 5*x(c). Calculate v(b).
-1
Suppose 5*b - 4*b - 4*i - 35 = 0, -2*b + 4*i + 38 = 0. Let c(v) = -11*v**2 + 30*v + 12. Determine c(b).
3
Let d be -6 - (-16 + (-11)/33*-21). Let p(l) = -9*l**2 + 2*l - 7. Determine p(d).
-82
Let a(h) = -30*h + 185. Let c be a(6). Let s(i) = -3 - 9*i - 10*i - c*i + 18*i. Determine s(-2).
9
Let k(o) = 6*o + 140 + o + 16*o + 31 - 13. What is k(-7)?
-3
Let t(b) = -b**2 - 322*b + 5063. Let q be t(15). Let p(c) = 2*c**2 - 9*c - 11. Give p(q).
45
Suppose 46 - 16 = 4*v - 2*k, 2*v = -k + 5. Let q(o) be the third derivative of 0*o - 1/60*o**v + 0 + 1/6*o**3 - 8*o**2 + 0*o**4. What is q(-1)?
0
Let o(l) = -l**3 + 17*l**2 + 12. Let k(m) = 768*m - 7663. Let p be k(10). Determine o(p).
12
Let w(f) = -f**2 + 10*f + 82. Let a be (9 - 284/28)/(3/(-42)). Give w(a).
-14
Let k = 107 + -96. Suppose -1 = -4*i + k. Let a be 33/(-22)*(-10)/i. Let s(m) = -m**2 + 5*m - 2. Give s(a).
-2
Let n(t) = t**3 - 2*t**2 - 3. Let o(j) = -j**3 + 3*j**2 - 6*j + 21. Let u be (152/20 - 7)*(5 - 0). Let g be o(u). Calculate n(g).
6
Let x(a) = 10*a**2 - 83*a + 39. Let n(t) = -3*t**2 + 27*t - 12. Let p(w) = -7*n(w) - 2*x(w). Give p(20).
-54
Let p(a) be the third derivative of a**8/20160 + a**7/1680 - 7*a**6/720 + 73*a**5/30 + 2*a**2 - 1. Let w(h) be the third derivative of p(h). Give w(-3).
-7
Let f be (1/(-3))/((-4)/36). Suppose 4*j + 47 = -a + 46, -4*a - j + 11 = 0. Let t(b) = -b**2 + 3*b + 0*b - a*b + f*b. Give t(5).
-10
Let r(n) = 12*n + 63. Suppose 43*m - 50*m = 42. What is r(m)?
-9
Let p(l) = -11*l - l**2 + 8 - l**2 + 3*l**2. Suppose -51*f + 112 = 240*f - 1925. What is p(f)?
-20
Let s(q) = 4*q**2 + 19*q**2 - q**3 - 4777*q - 23 - 38 + 4758*q. Give s(22).
5
Suppose 5*f + 630 = -9*f. Let t = 49 + f. Let s(m) = -88*m + 87*m + 0*m**2 - t + m**2. Determine s(-4).
16
Let z(u) be the third derivative of -u**7/1260 + 17*u**5/20 - 85*u**2. Let m(q) be the third derivative of z(q). Give m(-5).
20
Let x(s) = 14*s - 330. Suppose -48*z = -5*z + 22*z - 1560. Give x(z).
6
Let w be (-1 - -2)*(-18 - -22). Let b(q) = w + 25*q**2 - 1 - 4*q - 8*q**3 + 7*q**3 - 32*q**2. Determine b(-6).
-9
Let a be (-26)/5 + (-40)/(-200). Let x(o) = -o**2 - 1. Let h(u) = -2*u**2 + 6*u. Let b(c) = h(c) - 3*x(c). Calculate b(a).
-2
Let k(n) be the second derivative of -n**6/120 + n**5/10 + n**3/6 - 62*n**2 - 46*n. Let u(w) be the first derivative of k(w). What is u(5)?
26
Let u(b) = -2*b - 4. Suppose -62*k + 6*k - 188*k = 488. Give u(k).
0
Let t(z) = -z**2 + 7*z - 13. Let d(f) = -f**2 + 8*f - 12. Let u(r) = 3*d(r) - 2*t(r). Suppose 22 = 4*w - 535*q + 540*q, -3*q + 18 = 3*w. Determine u(w).
6
Suppose -7*l = -15*l + 16. Let f be (-3 - (2 + (-6)/l)) + 3. Let k(b) = 0*b**2 + 3*b**3 - 3*b - f - 2*b**3 - 8*b**2 + 5*b**2. Calculate k(4).
3
Let z(y) = y**2 - 14*y + 36. Suppose 0 = 5*v + 3*p - 112 + 87, -v + 5 = -4*p. Give z(v).
-9
Let b(c) be the third derivative of -5*c**4/24 - 7*c**3/6 + 2*c**2 - 442. Give b(-5).
18
Let v = -6674 + 6658. Let y(o) = o**3 + 17*o**2 + 18*o + 23. Give y(v).
-9
Let t(f) = f**2 - 4*f + 4. Let s be t(2). Suppose s = -0*d - 4*d + 44. Suppose -3*x - 16 - d = 4*i, 7 = -i - x. Let q(v) = v**3 + 6*v**2 + 8. Calculate q(i).
8
Let z(j) = -j**2 - 6*j + 15. Suppose 3*g + 18 = -23*p + 20*p, 4*p + 3*g = -30. Give z(p).
-57
Let k(b) be the first derivative of 307 - 3/2*b**2 - 2*b. Determine k(3).
-11
Let o be (-11)/((-44)/60) - (12 + -6). Let v(x) = x**3 - 8*x**2 - 5*x + 12. Give v(o).
48
Let m(c) = c**2 - 19*c - 8. Let f be m(17). Let k be (1*-4)/(f/21). Let v(x) = -3*x**3 - x**2 - x - 1. What is v(k)?
-31
Let n(j) = j**3 + j**2 - 5*j + 16. Let i be n(3). Suppose -v - 26 + i = 0. Let d(u) = -2*u + 17. Give d(v).
-5
Let k = 574 - 581. Let z(a) = 7 - 15 - 10*a + 9*a. Calculate z(k).
-1
Suppose 0*p = -2*p - 2*z + 6, -5*z = -15. Suppose 3*h + 8*h = 3201. Let j(v) = h*v - 292*v + 6 + 0*v**2 + v**2. Calculate j(p).
6
Let t(o) = -3 + 489*o - 15*o**2 - 498*o - 7. Let a(u) = -13*u**2 - 8*u - 8. Let v(f) = 7*a(f) - 6*t(f). Determine v(-4).
-4
Let k(g) = -g**3 + 27*g**2 - g + 13. Suppose -159*q + 32*q + 2088 + 1341 = 0. Calculate k(q).
-14
Let a(r) = r**2 + r - 30. Let u be (2 + (-30)/25)*(-1 - -6). Suppose -16 = 4*o - u*n, 3*n - 10 = 2. Determine a(o).
-30
Let u(t) = -7*t**3 + 2*t**2 - 17*t - 37. Let c(x) = -x**3 - 2*x**2 + x - 4. Let r(n) = 6*c(n) - u(n). Give r(12).
1
Let o(r) = 4*r**2 - 1. Suppose -2*f + 4*x + 10 = 0, 4*f + 0*x = -x + 11. Suppose 5*k - j + 153 = 0, 3*k + k + f*j = -130. Let v = k - -32. Determine o(v).
3
Let n(u) = 6*u - 1. Let z(h) = 11*h - 2. Let d(i) = 5*n(i) - 3*z(i). Suppose 5*p = -g + 378, 0 = -3*g + 3*p - 0*p + 1170. Let x = -386 + g. Give d(x).
-5
Suppose 4*h - 31 = -3*o, -2*o - o + 2*h + 43 = 0. Let l(i) = i**3 - 2*i + o + 8 + 3 - 21 + 2*i**2. Suppose 17 = -5*r + 2. Give l(r).
0
Let a(d) be the first derivative of d**7/840 - d**6/60 + d**5/30 + d**4/8 + d**3/3 - 9*d**2/2 - 151. Let z(n) be the third derivative of a(n). Give z(5).
-2
Let f = 90 - 63. Let z be ((-72)/f)/((-8)/3 + 2). Let m(r) = -4 + 4*r**3 + 28*r**2 - 23*r**2 - 5*r**3 - 2*r. Give m(z).
4
Let j(r) be the second derivative of r**4/12 - 11*r**3/6 + 21*r**2/2 - 805*r. Calculate j(9).
3
Suppose -356 + 604 = -8*w. Let x(p) = p**3 + 31*p**2 - p - 35. What is x(w)?
-4
Let d(o) be the first derivative of o**6/120 + o**5/10 + o**4/8 + o**3/6 - 93*o**2/2 + 92. Let y(k) be the second derivative of d(k). Give y(-6).
-17
Let b(n) = n**3 - 10*n**2 + 3*n + 3. Let x(g) = -18*g**2 + 2 - 1 + 26*g**2 - 9*g**2. Let f(q) = b(q) - 6*x(q). Determine f(4).
9
Suppose 4*b - 10*k = -5*k - 4, -2*b - 4*k = 28. Let z(m) be the third derivative of 17*m**2 - 1/12*m**4 - 3/2*m**3 + 0 + 0*m. What is z(b)?
3
Suppose 0 = -f + 3*x, -7*f + 4*f - 3*x - 24 = 0. Let l(p) = -4*p**2 - 24*p + 1. Let a be l(f). Let v(k) = 2 + k**2 + 3 - k - 6. Calculate v(a).
-1
Let q(j) be the third derivative of 13/6*j**3 + 13/24*j**4 + 0*j - 9 - 16*j**2 - 1/5*j**5 + 1/120*j**6. Determine q(11).
35
Let i(v) = 7*v**2 - 20*v + 2. Let p(j) = 15*j**2 - 42*j + 5. Let h(y) = 13*i(y) - 6*p(y). Calculate h(8).
-4
Let n(t) = -7*t + 1. Suppose 3*r = -4*b + 24, 4*b = -r + b + 13. Let y(h) = 16*h - 3. Let l(v) = r*y(v) + 9*n(v). What is l(8)?
5
Let w(n) = n**2 + 11*n + 31. Let y be w(-7). Let l(z) = y - 1 + 56*z - z**2 + 0 - 55*z. What is l(-6)?
-40
Let k = 2940 + -2946. Let d(b) = -b**3 - 6*b**2 - 8*b + 3. Give d(k).
51
Let y(m) = 99*m + 2*m**3 + 6*m**2 + 1 - 55*m - 51*m. Calculate y(-5).
-64
Let u be (-1)/(-4) - (-430)/40. Suppose u*g - 7 = 12*g. Let o(s) be the third derivative of -s**4/24 - 7*s**3/6 + 3*s**2. Determine o(g).
0
Let u(r) = 17*r**2 + 10. Let w(s) = 13*s**2 + s + 4. Let h(g) = 2*u(g) - 3*w(g). Calculate h(2).
-18
Let n(g) = g - 5. Suppose c + 8 = 4*p, -4*c + 6 = -c - 2*p. Let s be 78/(-4) - (-2)/c. Let m = s - -22. Calculate n(m).
-2
Let p be (8/(-32))/(1/12). Let m(s) = -s**3 - 2*s + 1. What is m(p)?
34
Let n(p) = -p**3 + 7*p**2 + 3*p - 17. Suppose -2*d + 196 = 26*d. Calculate n(d).
4
Suppose 2*i = 6*i - 856. Let m = -207 + i. Let z(q) = -7*q - 4 + 4*q**2 - 3*q**2 + 10. Determine z(m).
6
Let q(d) = -83*d - 38. Let g(v) = -69*v - 38. Let s(j) = 6*g(j) - 5*q(j). Calculate s(16).
-22
Let d(t) be the second derivative of -t**4/4 - 13*t**3/6 - 3*t**2/2 + 2*t. Let o be (-28)/6*83/((-13363)/(-138)). Determine d(o).
1
Let a(r) = 28 + 503*r**3 - 507*r**3 - 58 + 0*r + 3*r + 34. Determine a(-2).
30
Let o be 14/35 - 8/(-5). Let q(k) = -o - 3*k**2 - k**2 + 2*k**3 - 1 + k. Let r be (4284/(-952))/((-3)/2). Calculate q(r).
18
Let d(j) = 6*j - 2*j + 5 - 3 + 9 - 17*j**2. Let g(v) = -8*v**2 + 2*v + 5. Let h(z) = 2*d(z) - 5*g(z). Determine h(-2).
25
Let o(k) = 3*k - 2. Suppose 0 = q + t - 333, -4*t = 11 + 1. Suppose 340*y - q*y - 16 = 0. Determine o(y).
10
Suppose -14 = 200*m - 186*m. Let u(y) = -41*y**3 - y - 2. Determine u(m).
40
Let p be 7/(-14)*(-13 + 0 + 1). Let n(b) = b**2 + 15*b + 12. Let r(t) = -t - 1. Let c(w)